 = 29 + -3. Calculate the greatest common factor of r and f.
13
Let t be (-2)/(-6) - (-776)/12. Let f(i) = 88*i - 140. Let z be f(-6). Let j = z + 1123. Calculate the greatest common divisor of t and j.
65
Let t(d) = -5*d - 14. Let o be t(-6). Suppose -o*a + 2*a = 0. Let w be (8/10 + a)/(46/2415). What is the highest common factor of w and 42?
42
Suppose m + 9*z - 12*z + 1 = 0, -5*m + 4*z + 6 = 0. Let i be (-1215)/180*m*-6. What is the greatest common divisor of i and 18?
9
Suppose 17*z + 9368 = 14951 + 11842. Calculate the greatest common divisor of 1107 and z.
41
Suppose 0 = -2*w - 3*f - 2, 0 = -3*w - 4*f - 2 - 3. Let c = w + 19. Let u be 3/9*(13 + (-10)/20*8). Calculate the highest common factor of c and u.
3
Let z = -173 - -216. Let f = z + -40. What is the highest common factor of f and 39?
3
Let o(c) = 20*c - 10. Let g be o(1). Let p = -924 - -1009. Calculate the greatest common factor of p and g.
5
Let l(w) = 2*w**2 - 32*w - 158. Let o be l(19). Let p be (11/o)/(12/16)*-9. Calculate the greatest common factor of 75 and p.
3
Let a(o) = 28 - 21 - 6 + 10*o. Let q be a(3). What is the highest common divisor of 341 and q?
31
Suppose -286 = 3*l + x, -3*l + 7*l = -2*x - 384. Let g = 118 + l. Calculate the highest common divisor of g and 408.
24
Let t be (-2320148)/(-780) + (-40)/(-780) + 2/5. What is the highest common factor of t and 14?
7
Let l = -134 + 138. Suppose -l*h - 36 = -180. Let z = h + 42. What is the highest common factor of z and 6?
6
Let w = 62 + -50. Suppose 9*v = w*v - 225. Let k(s) = 11*s + 4. Let f be k(1). What is the greatest common divisor of v and f?
15
Let b(w) = -32*w**2 - w - 2. Let l be b(-3). Let v = l + 305. Calculate the highest common factor of 414 and v.
18
Let o(j) = 2*j**3 - 43*j**2 - 10*j + 64. Let k be o(22). Calculate the highest common divisor of 216 and k.
8
Suppose -3*w - 4*p + 1542 = -7634, 5*p = -20. Calculate the highest common factor of 72 and w.
8
Suppose 4*r - 3*r - 5 = 0. Suppose -4 = 2*f, -4*i - i + r*f + 110 = 0. Suppose 5*g - d - 4*d - i = 0, -g - d = 0. What is the highest common factor of g and 10?
2
Let q(i) = -94*i - 174. Let b be q(-2). What is the highest common divisor of 10822 and b?
14
Let x(n) = -20*n - 1438. Let q be x(-84). What is the highest common factor of q and 4180?
22
Suppose -140 = -2*g + 6*g - 4*o, 4*g + 160 = -o. Let a = 189 + g. What is the greatest common factor of 24 and a?
6
Suppose -56 = -5*w - 2*w. Suppose 0 = -w*k + 11*k + 6. Let a be 1985/20 + k/8. What is the greatest common divisor of a and 11?
11
Let o(k) be the first derivative of 3*k**4/4 - 4*k**2 + 8*k - 53. Let q be o(3). Calculate the greatest common factor of 13 and q.
13
Let z(l) = 2*l**3 - 8*l**2 - 16*l + 31. Let t be z(6). Let o(k) = -2*k**3 - 6*k**2 - 14*k - 12. Let u be o(-5). Calculate the highest common factor of u and t.
79
Let k = -7123 + 8915. Calculate the highest common factor of k and 560.
112
Suppose c = 2*c - 4*u - 6, 0 = -5*u - 5. Suppose c*m + 3*y = 5*y + 276, -5*m - 4*y = -645. Let p = 14 + 5. What is the greatest common factor of m and p?
19
Suppose 6*p = 26*p - 760. Suppose 4*h + 3*l = p, 4*l = 2*h - 15 - 15. What is the highest common divisor of h and 11?
11
Suppose -42111 = -3*i + 5*d, 75*i = 79*i + d - 56102. Calculate the greatest common divisor of i and 83.
83
Suppose 298 + 152 = 2*g. Suppose 19*b - 14*b = g. Let u = b + -35. Calculate the greatest common factor of 110 and u.
10
Let u = 668 - -169. Calculate the greatest common factor of u and 124.
31
Suppose -46*a + 127 + 287 = 0. Suppose -5*u - 3*h = -2103, 3*u - 3*h = 2*u + 435. What is the greatest common divisor of u and a?
9
Let o(w) = -3*w - 151. Let h be o(-43). Let j(z) = -z**3 - 20*z**2 + 42*z - 40. Let p be j(h). What is the highest common divisor of 28 and p?
4
Let l(k) be the third derivative of -209*k**6/60 - k**5/60 - k**4/8 - k**3/3 + 56*k**2. Let q be l(-1). Calculate the greatest common factor of 22 and q.
22
Let q be (3/4 - 27/(-4))*(-7 + 9). What is the highest common divisor of q and 3855?
15
Let i = 45 - 71. Let u = i + 90. What is the highest common divisor of u and 32?
32
Let f be 36/16*48/18. Let s be (-3 - f)*(-132)/9. What is the highest common factor of s and 33?
33
Let t(x) = x**2 - x + 2. Let b(h) = 3*h**2 + 35*h - 19. Let j(s) = b(s) - 5*t(s). Let n be j(19). Calculate the highest common divisor of 99 and n.
9
Suppose 2*h = -u + 144, -11*h + 14*h = 5*u - 759. Calculate the highest common factor of u and 126.
6
Suppose 0 = -z - z - 3*p + 167, -5*p = 25. Suppose -26*n + 27*n = i + 25, -74 = -3*n + 4*i. Calculate the greatest common factor of z and n.
13
Let r(m) = -77*m**3 + 2*m + 1. Let x be r(-1). Suppose -2*i + 33 = 5*k, 4*k - 32 = i - 4*i. What is the highest common divisor of x and i?
4
Let i = 49 + -69. Let w be 2/(-6)*(-19 + i). Suppose k + w*k - 84 = 0. What is the highest common divisor of k and 15?
3
Suppose 17*l - 5*b = 142096, -3*l + 25084 = 33*b - 38*b. What is the highest common divisor of l and 42?
42
Let f = 156 - 51. Let c(h) = 71*h - 807. Let d be c(13). Let b = d - f. What is the highest common divisor of 165 and b?
11
Suppose 0 = -1104*s + 1107*s - 48. Calculate the highest common divisor of 484 and s.
4
Let q be (7/(-3) - 1)*(-2 - 4). Let z = -36 - -250. Let w = z - 164. What is the highest common divisor of w and q?
10
Let a(m) = -60*m + 782. Let o be a(13). What is the greatest common factor of 50 and o?
2
Let b(l) be the first derivative of 45*l**2/2 - 30*l - 78. Let u be b(3). What is the greatest common factor of 280 and u?
35
Let n(h) = -1827*h - 413. Let d be n(-1). What is the greatest common divisor of d and 266?
14
Suppose -2*b - 2*l = -1915 - 343, 5*b + 4*l = 5650. What is the highest common factor of 21 and b?
21
Let y = 2950 + -1462. Calculate the greatest common divisor of y and 192.
48
Let b(y) = y**2 + 2*y + 22. Let o be b(0). Let u = o + -20. Suppose -5*x + 3*r = -246, 3*x + 5*r = u*x + 38. Calculate the highest common divisor of 6 and x.
6
Let k(w) = 2*w**3 - 3*w**2 - 1. Let l be k(3). Suppose -18*f - 2686 = -1048. Let b be f/(-42)*-2*-15. What is the greatest common divisor of b and l?
13
Let x(g) = -g**3 + 28*g**2 + 215*g - 5929. Let c be x(28). Let m(j) = 38*j**3 + j**2 - j + 1. Let q be m(1). What is the greatest common divisor of c and q?
13
Suppose 0 = 3119*h - 3135*h + 2048. Calculate the greatest common factor of h and 34.
2
Let u be (13 + 29)*215/15. What is the highest common divisor of 182 and u?
14
Let n be (6 - 7) + 2*-1 + 22. Suppose n*c = 14*c + 25. Suppose -2*v = 2*l - 162, -c*v + 205 = -l - 170. Calculate the highest common divisor of v and 19.
19
Let c = -5953 - -5992. Calculate the highest common divisor of c and 2132.
13
Suppose 0 = -3*l - 4*l + 28. Suppose -l*r + 6 - 18 = 0. Let s be 1/1 + -6*1/r. What is the greatest common divisor of s and 9?
3
Let a = 758 - 389. What is the highest common divisor of a and 2542?
41
Let t = -230 - -231. Let k be 2 + t + (0 - -25). Let y = 86 - 30. Calculate the greatest common divisor of y and k.
28
Let q(i) = -2*i**3 - 65*i**2 - 92*i + 41. Let n be q(-31). Calculate the highest common factor of 2930 and n.
10
Let d(j) = -23*j**2 + 101*j + 1. Let k be d(4). Calculate the greatest common factor of k and 2997.
37
Suppose d + 3*d + 3*c - 126 = 0, 3*c + 114 = 4*d. Let y be -2 + 3010/175 + 4/5. Let m be 17/(612/(-405))*y/(-6). Calculate the highest common factor of m and d.
30
Let n(o) = 18*o**2 - 48*o + 129. Let d be n(5). Calculate the highest common factor of 3503 and d.
113
Suppose f = -0*a + a + 3, -5*f = 4*a + 21. Let u be f - (-15 + -2 + 1). Suppose -14*r + 101 = -52 - 477. What is the greatest common factor of r and u?
15
Let w(y) = y**3 - 13*y**2 + 24*y - 7. Let l be w(11). Suppose -2*n = 5*d - 34 - 256, -4*n + 3*d = -528. Calculate the greatest common divisor of n and l.
15
Let f(i) = -67*i**3 + 4*i**2 - 90*i - 183. Let l be f(-2). What is the highest common divisor of 1037 and l?
61
Let n be (-1)/(-40) + (-158899)/(-8840). Calculate the greatest common factor of 39 and n.
3
Let f = 15518 - 6152. Calculate the highest common divisor of f and 12.
6
Let s be (72 - 23)*(11 + (-3 - -1)). Suppose 0 = m + h - 147, 11*h - 9*h = 3*m - s. What is the highest common factor of 6 and m?
3
Let c be 693/6*(-1470)/